6*c - 3. Calculate p(16).
-3
Let d(u) = u**3 - 52*u**2 + 627*u + 6. What is d(19)?
6
Let q(l) = 409*l + 14887. Calculate q(-37).
-246
Let p(o) = o**2 + 4*o - 128. What is p(9)?
-11
Let j(t) = t**2 - 36*t - 692. Give j(50).
8
Let b(a) = 420*a - 6694. What is b(16)?
26
Let j(t) = 2784*t - 19493. What is j(7)?
-5
Let k(x) = 2*x**2 - 139*x - 66. What is k(70)?
4
Let q(b) = 34*b + 53. Give q(4).
189
Let j(n) = -41*n**2 + 19*n + 102. What is j(-4)?
-630
Let t(k) = 884*k - 81333. Calculate t(92).
-5
Let r(d) = 15*d**2 - 151*d + 20. Determine r(10).
10
Let y(c) = -47*c**2 - 336*c - 39. Determine y(-7).
10
Let q(i) = -141*i + 165. What is q(0)?
165
Let w(n) = n**3 + 12*n**2 - 1175*n - 15152. Determine w(-13).
-46
Let v(d) = d**3 - 139*d**2 - 143*d + 414. Calculate v(140).
-6
Let y(g) = -167*g - 6514. Determine y(-39).
-1
Let c(w) = 50*w - 3238. Give c(62).
-138
Let y(a) = 57*a - 864. Determine y(15).
-9
Let q(f) = 73*f + 2409. Determine q(-33).
0
Let p(u) = u**3 - 16*u**2 + 364*u - 4699. Determine p(14).
5
Let j(w) = w**3 + 52*w + 258. Determine j(-4).
-14
Let u(w) = -4*w**2 + 8*w + 24. Give u(-7).
-228
Let j(d) = -d**2 - 6320*d + 31621. Give j(5).
-4
Let v(a) = a**3 - 131*a**2 - 258*a - 1062. What is v(133)?
2
Let q(z) = z**3 + 10*z**2 - 14*z + 28. Determine q(-11).
61
Let z(s) = -6810*s + 68110. Determine z(10).
10
Let h(k) = -k**3 - 29*k**2 + 66*k + 17. What is h(-31)?
-107
Let b(x) = 2*x**2 + 48*x + 149. Determine b(-26).
253
Let d(f) = f**2 + 747*f + 5219. What is d(-7)?
39
Let p(k) = -5*k**2 + 11*k + 56. Determine p(-4).
-68
Let q(l) = l**2 - 2*l - 227. Calculate q(-10).
-107
Let p(w) = -w**2 - 21*w - 93. Give p(-19).
-55
Let i(p) = -49*p + 2851. Give i(58).
9
Let h(m) = 38*m - 3816. Determine h(101).
22
Let i(h) = h**3 + 3*h**2 + 17*h + 53. Give i(-3).
2
Let x(j) = -2*j**3 + 43*j**2 - 180*j - 48. Determine x(6).
-12
Let w(t) = -3*t**2 + 75*t + 81. Give w(26).
3
Let z(h) = 2*h**3 + 26*h**2 + 41*h + 47. What is z(-11)?
80
Let p(w) = -6*w**2 - 108*w + 431. Calculate p(4).
-97
Let o(l) = -3*l**2 - 188*l + 3033. Determine o(-76).
-7
Let m(p) = -170*p - 2045. Determine m(-12).
-5
Let v(o) = 121*o + 10619. What is v(-87)?
92
Let o(m) = m**2 + 8*m - 115. Calculate o(-14).
-31
Let p(f) = 2*f**3 - 13*f**2 + 13*f - 18. Give p(6).
24
Let d(l) = -146*l - 601. Determine d(-4).
-17
Let t(l) = 14*l - 499. What is t(28)?
-107
Let f(d) = -2*d**2 + 2*d + 35. Determine f(8).
-77
Let o(v) = 2*v**2 - 52*v - 452. Give o(-7).
10
Let y(c) = c**2 - 13*c + 14. What is y(7)?
-28
Let p(i) = 2*i**2 - 127*i + 473. Determine p(4).
-3
Let h(p) = p**2 + p - 40. Determine h(3).
-28
Let j(i) = i**3 + 20*i**2 - 70*i - 38. Give j(-23).
-15
Let u(m) = -m**2 - 196*m - 8523. What is u(-131)?
-8
Let n(v) = -v**3 - 47*v**2 - 133*v + 5. Give n(-44).
49
Let p(u) = -u**3 + 122*u**2 + 183*u - 7363. What is p(123)?
17
Let k(p) = p**3 + 163*p**2 + 324*p + 12. Give k(-2).
8
Let h(j) = -j**2 - 51*j + 825. Determine h(-64).
-7
Let r(j) = j**2 - 19*j - 47. Give r(-6).
103
Let g(b) = 3910*b + 3919. Give g(-1).
9
Let u(y) = 4*y**3 - 34*y**2 - 249*y + 193. Give u(13).
-2
Let i(w) = 172*w - 2352. Give i(14).
56
Let n(w) = w**3 - 19*w**2 + 92*w - 30. Calculate n(8).
2
Let q(d) = -d**2 - 52*d + 342. Determine q(6).
-6
Let t(i) = -15*i + 25. Determine t(5).
-50
Let k(p) = -p**3 - 5*p**2 + 65*p + 331. Calculate k(-5).
6
Let m(i) = 152*i**2 + 2122*i - 46. Determine m(-14).
38
Let r(m) = 2*m**2 - 99*m - 993. Calculate r(58).
-7
Let s(m) = 270*m + 6143. Determine s(-23).
-67
Let m(a) = -45*a + 10. What is m(-4)?
190
Let j(x) = -8*x - 203. Give j(28).
-427
Let w(z) = 4*z - 323. Give w(77).
-15
Let y(c) = 4*c**2 + 25*c - 727. Calculate y(-17).
4
Let i(o) = 2*o**3 + 70*o**2 - 152*o - 2871. Calculate i(-36).
9
Let o(v) = -v**2 - 26*v - 145. What is o(-5)?
-40
Let x(n) = 71*n**3 - n**2 - 3*n + 3. Give x(1).
70
Let c(d) = 419*d + 7243. Determine c(-17).
120
Let h(g) = -g**2 + 26*g - 63. Give h(21).
42
Let l(h) = 772*h - 81057. Give l(105).
3
Let d(s) = -3*s**2 + 3*s + 101. Give d(-8).
-115
Let l(p) = 8*p + 23. What is l(20)?
183
Let t(y) = 6*y**2 - 45*y + 86. Calculate t(2).
20
Let o(q) = -q**3 - 28*q**2 - 22*q + 94. Calculate o(-27).
-41
Let g(i) = -i**3 - 80*i**2 + 86*i - 168. Give g(-81).
-573
Let p(c) = -255*c + 2048. Determine p(8).
8
Let o(i) = -5*i**3 + 276*i**2 - 67*i + 658. What is o(55)?
-2
Let a(u) = 27*u - 4136. What is a(153)?
-5
Let b(a) = 39*a**2 + 2298*a - 185. Calculate b(-59).
-8
Let q(b) = -b**2 + b + 2560. Give q(51).
10
Let r(u) = -u**3 + 31*u**2 - 203*u + 37. Calculate r(9).
-8
Let h(g) = g**3 + 3*g**2 - 108*g + 10. Calculate h(9).
10
Let q(n) = 21*n**2 - 1015*n - 5194. What is q(53)?
0
Let s(o) = -23*o + 773. What is s(36)?
-55
Let b(z) = 11*z**2 + 91*z + 6. Determine b(-6).
-144
Let d(r) = r**3 + 7*r**2 - 131*r + 92. Give d(8).
4
Let k(i) = i**3 - 11*i**2 + 4*i - 79. Determine k(11).
-35
Let p(b) = 2*b**3 - 70*b**2 - 102*b + 3569. Calculate p(35).
-1
Let t(q) = 25*q**2 - 3853*q + 433. Calculate t(154).
-29
Let j(l) = 149*l - 10883. Determine j(73).
-6
Let l(g) = -123*g**2 - 856*g - 712. Calculate l(-6).
-4
Let u(o) = -39*o**2 + 393*o - 643. What is u(8)?
5
Let y(a) = -2*a**3 + 107*a**2 - 158*a + 112. What is y(52)?
8
Let j(a) = -99*a + 46. What is j(0)?
46
Let v(q) = -14*q**2 + q + 26. What is v(-4)?
-202
Let m(a) = -2*a**3 + 20*a**2 + 9*a - 1. Determine m(10).
89
Let b(c) = 89*c + 607. Give b(-7).
-16
Let q(v) = 3*v**3 + 15*v + 1. Give q(0).
1
Let a(c) = -145*c + 330. Give a(3).
-105
Let r(z) = 6*z**2 + 6*z - 48. Determine r(-9).
384
Let q(p) = p**3 - 61*p**2 - 331*p + 89. What is q(66)?
23
Let h(t) = 937*t + 1879. Determine h(-2).
5
Let t(a) = -61*a - 448. Calculate t(-8).
40
Let z(y) = 35*y**3 - 1121*y**2 + 26*y + 180. What is z(32)?
-12
Let w(n) = -5*n**3 - 4*n**2 - 13*n - 17. Determine w(-2).
33
Let y(r) = -6*r**2 + 62*r + 12. Calculate y(12).
-108
Let l(r) = -r**3 + 39*r**2 + 2*r - 54. Determine l(0).
-54
Let f(q) = -35*q**2 + 7476*q + 2996. What is f(214)?
0
Let j(g) = -5*g**2 - 19*g + 10. What is j(-5)?
-20
Let q(a) = a**2 - 85*a - 142212. Calculate q(-337).
2
Let w(q) = 2*q**2 - 53*q + 348. What is w(12)?
0
Let h(n) = 2*n**3 + 13*n**2 - 12*n - 114. Determine h(-6).
-6
Let f(t) = t**2 + 22*t - 1062. Give f(-45).
-27
Let k(z) = -z**2 + 254*z + 3262. Give k(-12).
70
Let x(a) = 42*a - 3468. Determine x(76).
-276
Let r(s) = -9*s**3 + 31*s**2 + 35*s + 3. Give r(-1).
8
Let r(v) = -4416*v + 8827. Give r(2).
-5
Let r(i) = i**3 + 16*i**2 - 7*i + 13. What is r(-16)?
125
Let v(w) = 23*w**3 - 6*w**2 + 67*w - 63. Determine v(1).
21
Let u(o) = -10*o**2 - 20*o + 129. Give u(5).
-221
Let b(t) = 55*t - 757. What is b(14)?
13
Let d(q) = -q**2 - 134*q - 576. Give d(-130).
-56
Let t(p) = 2*p**3 + 9*p**2 + 29*p + 162. Calculate t(-5).
-8
Let u(j) = -j**2 + 225*j + 5696. Determine u(248).
-8
Let o(j) = 4*j**2 - 228*j + 1254. Give o(6).
30
Let l(v) = 45*v**2 - 492*v - 10. What is l(11)?
23
Let q(h) = h**3 + 20*h**2 - 164*h - 1582. Calculate q(-24).
50
Let x(t) = 379*t + 14050. Give x(-37).
27
Let y(v) = -320*v**2 - 3530*v - 24. Calculate y(-11).
86
Let w(q) = 8130*q - 81277. What is w(10)?
23
Let y(v) = v**3 - 28*v**2 + 18*v + 233. Calculate y(27).
-10
Let w(x) = -191*x + 5627. Determine w(30).
-103
Let t(k) = 31*k + 4. What is t(1)?
35
Let q(d) = 2*d**3 - 8*d**2 - 17*d + 6. Determine q(-2).
-8
Let c(o) = -10*o + 75. Give c(45).
-375
Let x(t) = -404*t + 6449. What is x(16)?
-15
Let i(d) = -22*d - 57. Calculate i(3).
-123
Let a(u) = 10*u**2 - 50*u + 29. Give a(6).
89
Let u(h) = -h**3 - 12*h**2 - 5*h + 5. Determine u(-5).
-145
Let g(r) = r**2 + 261*r - 42265. What is g(-374)?
-3
Let i(k) = 6*k**2 - 327*k + 323. What is i(1)?
2
Let b(m) = -m**2 - 2264*m + 6794. Calculate b(3).
-7
Let v(k) = 2*k**2 - 16*k - 414. Calculate v(-11).
4
Let n(s) = 5*s**2 + 24*s + 14. Calculate n(-8).
142
Let s(q) = -q**3 - 10*q**2 + 2468*q + 22300. What is s(-9)?
7
Let h(x) = 90*x + 179. What is h(-2)?
-1
Let k(l) = 3*l**2 - 229*l + 1119. Calculate k(5).
49
Let i(p) = 10*p**2 - 76*p - 4. What is i(9)?
122
Let y(m) = -23*m + 699. Calculate y(29).
32
Let p(u) = -4*u**3 + 67*u**2 + 159*u - 2425. Calculate p(17).
-11
Let n(h) = -10*h**2 - 24*h + 9. What is n(-5)?
-121
Let o(w) = 3*w**2 - 12*w + 19. Determine o(2).
7
Let r(t) = 20